{"id":5836,"date":"2025-02-09T06:56:53","date_gmt":"2025-02-09T06:56:53","guid":{"rendered":"https:\/\/studio56.cl\/?page_id=5836"},"modified":"2025-02-09T07:04:19","modified_gmt":"2025-02-09T07:04:19","slug":"branding","status":"publish","type":"page","link":"https:\/\/studio56.cl\/index.php\/branding\/","title":{"rendered":"Branding"},"content":{"rendered":"<div class=\"wpb-content-wrapper\"><p>[vc_row][vc_column width=\u00bb1\/4&#8243;]<div class=\"section-title style-2 text-left text-small \">\n\t\t\t\t<p class=\"subtitle\">\u00a1Creamos marcas humanas que conectan con su audiencia!<\/p>\n\t\t\t<\/div>[\/vc_column][vc_column width=\u00bb3\/4&#8243;][vc_cta h2=\u00bbQu\u00e9 es y c\u00f3mo implementarlo con \u00e9xito\u00bb css=\u00bb\u00bb]El branding es un proceso estrat\u00e9gico que se enfoca en la gesti\u00f3n y construcci\u00f3n de una marca s\u00f3lida y distintiva en la mente de los consumidores.[\/vc_cta][\/vc_column][\/vc_row]<\/p>\n<\/div>","protected":false},"excerpt":{"rendered":"<p>[vc_row][vc_column width=\u00bb1\/4&#8243;][\/vc_column][vc_column width=\u00bb3\/4&#8243;][vc_cta h2=\u00bbQu\u00e9 es y c\u00f3mo implementarlo con \u00e9xito\u00bb css=\u00bb\u00bb]El branding es un proceso estrat\u00e9gico que se enfoca en la gesti\u00f3n y construcci\u00f3n de una marca s\u00f3lida y distintiva&hellip;<\/p>\n","protected":false},"author":1,"featured_media":0,"parent":0,"menu_order":0,"comment_status":"closed","ping_status":"closed","template":"","meta":{"footnotes":""},"class_list":["post-5836","page","type-page","status-publish","hentry"],"yoast_head":"<!-- This site is optimized with the Yoast SEO plugin v27.2 - https:\/\/yoast.com\/product\/yoast-seo-wordpress\/ -->\n<title>Branding - Studio56 | Agencia de Marketing &amp; Social Media<\/title>\n<meta name=\"robots\" content=\"index, follow, max-snippet:-1, max-image-preview:large, max-video-preview:-1\" \/>\n<link rel=\"canonical\" href=\"https:\/\/studio56.cl\/index.php\/branding\/\" \/>\n<meta property=\"og:locale\" content=\"es_ES\" \/>\n<meta property=\"og:type\" content=\"article\" \/>\n<meta property=\"og:title\" content=\"Branding - Studio56 | Agencia de Marketing &amp; Social Media\" \/>\n<meta property=\"og:description\" content=\"[vc_row][vc_column width=\u00bb1\/4&#8243;][\/vc_column][vc_column width=\u00bb3\/4&#8243;][vc_cta h2=\u00bbQu\u00e9 es y c\u00f3mo implementarlo con \u00e9xito\u00bb css=\u00bb\u00bb]El branding es un proceso estrat\u00e9gico que se enfoca en la gesti\u00f3n y construcci\u00f3n de una marca s\u00f3lida y distintiva&hellip;\" \/>\n<meta property=\"og:url\" content=\"https:\/\/studio56.cl\/index.php\/branding\/\" \/>\n<meta property=\"og:site_name\" content=\"Studio56 | Agencia de Marketing &amp; Social Media\" \/>\n<meta property=\"article:modified_time\" content=\"2025-02-09T07:04:19+00:00\" \/>\n<meta name=\"twitter:card\" content=\"summary_large_image\" \/>\n<meta name=\"twitter:label1\" content=\"Tiempo de lectura\" \/>\n\t<meta name=\"twitter:data1\" content=\"1 minuto\" \/>\n<script type=\"application\/ld+json\" class=\"yoast-schema-graph\">{\"@context\":\"https:\/\/schema.org\",\"@graph\":[{\"@type\":\"WebPage\",\"@id\":\"https:\/\/studio56.cl\/index.php\/branding\/\",\"url\":\"https:\/\/studio56.cl\/index.php\/branding\/\",\"name\":\"Branding - Studio56 | Agencia de Marketing &amp; Social Media\",\"isPartOf\":{\"@id\":\"https:\/\/studio56.cl\/#website\"},\"datePublished\":\"2025-02-09T06:56:53+00:00\",\"dateModified\":\"2025-02-09T07:04:19+00:00\",\"breadcrumb\":{\"@id\":\"https:\/\/studio56.cl\/index.php\/branding\/#breadcrumb\"},\"inLanguage\":\"es\",\"potentialAction\":[{\"@type\":\"ReadAction\",\"target\":[\"https:\/\/studio56.cl\/index.php\/branding\/\"]}]},{\"@type\":\"BreadcrumbList\",\"@id\":\"https:\/\/studio56.cl\/index.php\/branding\/#breadcrumb\",\"itemListElement\":[{\"@type\":\"ListItem\",\"position\":1,\"name\":\"Portada\",\"item\":\"https:\/\/studio56.cl\/\"},{\"@type\":\"ListItem\",\"position\":2,\"name\":\"Branding\"}]},{\"@type\":\"WebSite\",\"@id\":\"https:\/\/studio56.cl\/#website\",\"url\":\"https:\/\/studio56.cl\/\",\"name\":\"Studio56 | Agencia de Marketing &amp; Social Media\",\"description\":\"\",\"potentialAction\":[{\"@type\":\"SearchAction\",\"target\":{\"@type\":\"EntryPoint\",\"urlTemplate\":\"https:\/\/studio56.cl\/?s={search_term_string}\"},\"query-input\":{\"@type\":\"PropertyValueSpecification\",\"valueRequired\":true,\"valueName\":\"search_term_string\"}}],\"inLanguage\":\"es\"}]}<\/script>\n<!-- \/ Yoast SEO plugin. -->","yoast_head_json":{"title":"Branding - Studio56 | Agencia de Marketing &amp; Social Media","robots":{"index":"index","follow":"follow","max-snippet":"max-snippet:-1","max-image-preview":"max-image-preview:large","max-video-preview":"max-video-preview:-1"},"canonical":"https:\/\/studio56.cl\/index.php\/branding\/","og_locale":"es_ES","og_type":"article","og_title":"Branding - Studio56 | Agencia de Marketing &amp; Social Media","og_description":"[vc_row][vc_column width=\u00bb1\/4&#8243;][\/vc_column][vc_column width=\u00bb3\/4&#8243;][vc_cta h2=\u00bbQu\u00e9 es y c\u00f3mo implementarlo con \u00e9xito\u00bb css=\u00bb\u00bb]El branding es un proceso estrat\u00e9gico que se enfoca en la gesti\u00f3n y construcci\u00f3n de una marca s\u00f3lida y distintiva&hellip;","og_url":"https:\/\/studio56.cl\/index.php\/branding\/","og_site_name":"Studio56 | Agencia de Marketing &amp; Social Media","article_modified_time":"2025-02-09T07:04:19+00:00","twitter_card":"summary_large_image","twitter_misc":{"Tiempo de lectura":"1 minuto"},"schema":{"@context":"https:\/\/schema.org","@graph":[{"@type":"WebPage","@id":"https:\/\/studio56.cl\/index.php\/branding\/","url":"https:\/\/studio56.cl\/index.php\/branding\/","name":"Branding - Studio56 | Agencia de Marketing &amp; Social Media","isPartOf":{"@id":"https:\/\/studio56.cl\/#website"},"datePublished":"2025-02-09T06:56:53+00:00","dateModified":"2025-02-09T07:04:19+00:00","breadcrumb":{"@id":"https:\/\/studio56.cl\/index.php\/branding\/#breadcrumb"},"inLanguage":"es","potentialAction":[{"@type":"ReadAction","target":["https:\/\/studio56.cl\/index.php\/branding\/"]}]},{"@type":"BreadcrumbList","@id":"https:\/\/studio56.cl\/index.php\/branding\/#breadcrumb","itemListElement":[{"@type":"ListItem","position":1,"name":"Portada","item":"https:\/\/studio56.cl\/"},{"@type":"ListItem","position":2,"name":"Branding"}]},{"@type":"WebSite","@id":"https:\/\/studio56.cl\/#website","url":"https:\/\/studio56.cl\/","name":"Studio56 | Agencia de Marketing &amp; Social Media","description":"","potentialAction":[{"@type":"SearchAction","target":{"@type":"EntryPoint","urlTemplate":"https:\/\/studio56.cl\/?s={search_term_string}"},"query-input":{"@type":"PropertyValueSpecification","valueRequired":true,"valueName":"search_term_string"}}],"inLanguage":"es"}]}},"_links":{"self":[{"href":"https:\/\/studio56.cl\/index.php\/wp-json\/wp\/v2\/pages\/5836","targetHints":{"allow":["GET"]}}],"collection":[{"href":"https:\/\/studio56.cl\/index.php\/wp-json\/wp\/v2\/pages"}],"about":[{"href":"https:\/\/studio56.cl\/index.php\/wp-json\/wp\/v2\/types\/page"}],"author":[{"embeddable":true,"href":"https:\/\/studio56.cl\/index.php\/wp-json\/wp\/v2\/users\/1"}],"replies":[{"embeddable":true,"href":"https:\/\/studio56.cl\/index.php\/wp-json\/wp\/v2\/comments?post=5836"}],"version-history":[{"count":6,"href":"https:\/\/studio56.cl\/index.php\/wp-json\/wp\/v2\/pages\/5836\/revisions"}],"predecessor-version":[{"id":5842,"href":"https:\/\/studio56.cl\/index.php\/wp-json\/wp\/v2\/pages\/5836\/revisions\/5842"}],"wp:attachment":[{"href":"https:\/\/studio56.cl\/index.php\/wp-json\/wp\/v2\/media?parent=5836"}],"curies":[{"name":"wp","href":"https:\/\/api.w.org\/{rel}","templated":true}]}}