{"id":5821,"date":"2025-02-09T06:03:03","date_gmt":"2025-02-09T06:03:03","guid":{"rendered":"https:\/\/studio56.cl\/?page_id=5821"},"modified":"2025-02-09T06:37:43","modified_gmt":"2025-02-09T06:37:43","slug":"agencia-de-redes-sociales","status":"publish","type":"page","link":"https:\/\/studio56.cl\/index.php\/agencia-de-redes-sociales\/","title":{"rendered":"Social Media"},"content":{"rendered":"<div class=\"wpb-content-wrapper\"><p>[vc_row][vc_column]<div class=\"section-title style-2 text-left text-small \">\n\t\t\t\t<p class=\"subtitle\">Desarrollamos estrategias de redes sociales que conectan con tu audiencia<\/p><div class=\"desc\"><p>Nos especializamos en el desarrollo de estrategias de redes sociales efectivas y personalizadas para maximizar el impacto y la interacci\u00f3n con tu audiencia.<\/p>\n<p>Nuestro equipo de expertos en redes sociales se enfoca en alcanzar tus objetivos comerciales y de marca.<\/p>\n<\/div>\n\t\t\t<\/div>[vc_empty_space height=\u00bb22px\u00bb][\/vc_column][\/vc_row][vc_row][vc_column width=\u00bb1\/3&#8243;][vc_cta h2=\u00bb\u00bb h4=\u00bbGestionamos tus redes sociales\u00bb style=\u00bbflat\u00bb color=\u00bbblack\u00bb css=\u00bb\u00bb]Analizamos qui\u00e9n es tu cliente ideal, cu\u00e1l es su idioma, qu\u00e9 es lo que le importa, y en qu\u00e9 canales est\u00e1 presente.[\/vc_cta][vc_cta h2=\u00bb\u00bb h4=\u00bbSeleccionamos los canales correctos\u00bb style=\u00bbflat\u00bb color=\u00bbblack\u00bb css=\u00bb\u00bb]Seleccionamos las redes sociales d\u00f3nde debes estar presente, publicamos recurrentemente y\u00a0 generamos comunidad.[\/vc_cta][\/vc_column][vc_column width=\u00bb1\/3&#8243;][vc_cta h2=\u00bb\u00bb h4=\u00bbGeneramos tu estrategia de comunicaci\u00f3n\u00bb style=\u00bbflat\u00bb color=\u00bbblack\u00bb css=\u00bb\u00bb]Definimos la personalidad de tu marca, el tono, los temas que aborda y a qui\u00e9n se dirige.[\/vc_cta][vc_cta h2=\u00bb\u00bb h4=\u00bbCreamos contenido de valor\u00bb style=\u00bbflat\u00bb color=\u00bbblack\u00bb css=\u00bb\u00bb]Generamos im\u00e1genes, textos, y videos que conectan con tu p\u00fablico objetivo.[\/vc_cta][\/vc_column][vc_column width=\u00bb1\/3&#8243;][vc_cta h2=\u00bb\u00bb h4=\u00bbAlineamos objetivos\u00bb style=\u00bbflat\u00bb color=\u00bbblack\u00bb css=\u00bb\u00bb]Entendemos cu\u00e1les son tus objetivos. Ya sea posicionamiento o ventas, ajustamos la estrategia para alcanzar el resultado deseado.[\/vc_cta][vc_cta h2=\u00bb\u00bb h4=\u00bbAnalizamos y optimizamos\u00bb style=\u00bbflat\u00bb color=\u00bbblack\u00bb css=\u00bb\u00bb]Evaluamos cu\u00e1les son los contenidos con mejor rendimiento. Definimos qu\u00e9 los hace mejor que el resto y lo replicamos en el futuro.[\/vc_cta][\/vc_column][\/vc_row][vc_row][vc_column width=\u00bb1\/4&#8243;]<div class=\"section-title style-2 text-left text-small \">\n\t\t\t\t<p class=\"subtitle\">\u00bfQu\u00e9 es una estrategia o manejo de redes sociales?<\/p>\n\t\t\t<\/div>[\/vc_column][vc_column width=\u00bb3\/4&#8243;][vc_cta h2=\u00bb\u00bb style=\u00bbflat\u00bb color=\u00bbjuicy-pink\u00bb css=\u00bb\u00bb]Se trata de un plan detallado que establece c\u00f3mo una marca utilizar\u00e1 las redes sociales para alcanzar sus objetivos comerciales y de marca.<\/p>\n<p>El manejo de redes sociales, por otro lado, se refiere a la implementaci\u00f3n de esta estrategia, incluyendo la creaci\u00f3n y publicaci\u00f3n de contenido, la gesti\u00f3n de la comunidad y la medici\u00f3n de resultados.<\/p>\n<p>El expertise de Sube consiste en el desarrollo de estrategias de redes sociales personalizadas que maximizan la presencia en l\u00ednea de tu marca. El equipo de expertos en redes sociales se encargar\u00e1 de la implementaci\u00f3n de la estrategia y de asegurar que tu marca alcance su m\u00e1ximo potencial en las redes sociales.[\/vc_cta][\/vc_column][\/vc_row][vc_row][vc_column width=\u00bb1\/4&#8243;]<div class=\"section-title style-2 text-left text-small \">\n\t\t\t\t<p class=\"subtitle\">\u00bfPara qu\u00e9 sirve una estrategia de redes sociales?<\/p>\n\t\t\t<\/div>[\/vc_column][vc_column width=\u00bb3\/4&#8243;][vc_cta h2=\u00bb\u00bb style=\u00bbflat\u00bb color=\u00bbjuicy-pink\u00bb css=\u00bb\u00bb]Una estrategia de redes sociales sirve para potenciar la presencia de una marca en el entorno digital, permitiendo alcanzar y conectar con la audiencia objetivo.<\/p>\n<p><strong>Esta estrategia es fundamental para:<\/strong><\/p>\n<ul>\n<li>Aumentar la visibilidad.<\/li>\n<li>Fortalecer la relaci\u00f3n con los seguidores.<\/li>\n<li>Promover productos o servicios.<\/li>\n<li>Generar interacci\u00f3n y lealtad.<\/li>\n<\/ul>\n<p>Adem\u00e1s, facilita la comprensi\u00f3n de las necesidades del p\u00fablico, lo que a su vez permite adaptar el contenido y las campa\u00f1as de manera efectiva.<\/p>\n<p>En otras palabras, una estrategia de redes sociales es un elemento importante para el crecimiento y la relevancia de una marca en el entorno digital.[\/vc_cta][\/vc_column][\/vc_row]<\/p>\n<\/div>","protected":false},"excerpt":{"rendered":"<p>[vc_row][vc_column][vc_empty_space height=\u00bb22px\u00bb][\/vc_column][\/vc_row][vc_row][vc_column width=\u00bb1\/3&#8243;][vc_cta h2=\u00bb\u00bb h4=\u00bbGestionamos tus redes sociales\u00bb style=\u00bbflat\u00bb color=\u00bbblack\u00bb css=\u00bb\u00bb]Analizamos qui\u00e9n es tu cliente ideal, cu\u00e1l es su idioma, qu\u00e9 es lo que le importa, y en qu\u00e9 canales&hellip;<\/p>\n","protected":false},"author":1,"featured_media":0,"parent":0,"menu_order":0,"comment_status":"closed","ping_status":"closed","template":"","meta":{"footnotes":""},"class_list":["post-5821","page","type-page","status-publish","hentry"],"yoast_head":"<!-- This site is optimized with the Yoast SEO plugin v27.2 - https:\/\/yoast.com\/product\/yoast-seo-wordpress\/ -->\n<title>Social Media - Studio56 | Agencia de Marketing &amp; Social Media<\/title>\n<meta name=\"robots\" content=\"index, follow, max-snippet:-1, max-image-preview:large, max-video-preview:-1\" \/>\n<link rel=\"canonical\" href=\"https:\/\/studio56.cl\/index.php\/agencia-de-redes-sociales\/\" \/>\n<meta property=\"og:locale\" content=\"es_ES\" \/>\n<meta property=\"og:type\" content=\"article\" \/>\n<meta property=\"og:title\" content=\"Social Media - Studio56 | Agencia de Marketing &amp; Social Media\" \/>\n<meta property=\"og:description\" content=\"[vc_row][vc_column][vc_empty_space height=\u00bb22px\u00bb][\/vc_column][\/vc_row][vc_row][vc_column width=\u00bb1\/3&#8243;][vc_cta h2=\u00bb\u00bb h4=\u00bbGestionamos tus redes sociales\u00bb style=\u00bbflat\u00bb color=\u00bbblack\u00bb css=\u00bb\u00bb]Analizamos qui\u00e9n es tu cliente ideal, cu\u00e1l es su idioma, qu\u00e9 es lo que le importa, y en qu\u00e9 canales&hellip;\" \/>\n<meta property=\"og:url\" content=\"https:\/\/studio56.cl\/index.php\/agencia-de-redes-sociales\/\" \/>\n<meta property=\"og:site_name\" content=\"Studio56 | Agencia de Marketing &amp; Social Media\" \/>\n<meta property=\"article:modified_time\" content=\"2025-02-09T06:37:43+00:00\" \/>\n<meta name=\"twitter:card\" content=\"summary_large_image\" \/>\n<meta name=\"twitter:label1\" content=\"Tiempo de lectura\" \/>\n\t<meta name=\"twitter:data1\" content=\"2 minutos\" \/>\n<script type=\"application\/ld+json\" class=\"yoast-schema-graph\">{\"@context\":\"https:\/\/schema.org\",\"@graph\":[{\"@type\":\"WebPage\",\"@id\":\"https:\/\/studio56.cl\/index.php\/agencia-de-redes-sociales\/\",\"url\":\"https:\/\/studio56.cl\/index.php\/agencia-de-redes-sociales\/\",\"name\":\"Social Media - Studio56 | Agencia de Marketing &amp; Social Media\",\"isPartOf\":{\"@id\":\"https:\/\/studio56.cl\/#website\"},\"datePublished\":\"2025-02-09T06:03:03+00:00\",\"dateModified\":\"2025-02-09T06:37:43+00:00\",\"breadcrumb\":{\"@id\":\"https:\/\/studio56.cl\/index.php\/agencia-de-redes-sociales\/#breadcrumb\"},\"inLanguage\":\"es\",\"potentialAction\":[{\"@type\":\"ReadAction\",\"target\":[\"https:\/\/studio56.cl\/index.php\/agencia-de-redes-sociales\/\"]}]},{\"@type\":\"BreadcrumbList\",\"@id\":\"https:\/\/studio56.cl\/index.php\/agencia-de-redes-sociales\/#breadcrumb\",\"itemListElement\":[{\"@type\":\"ListItem\",\"position\":1,\"name\":\"Portada\",\"item\":\"https:\/\/studio56.cl\/\"},{\"@type\":\"ListItem\",\"position\":2,\"name\":\"Social Media\"}]},{\"@type\":\"WebSite\",\"@id\":\"https:\/\/studio56.cl\/#website\",\"url\":\"https:\/\/studio56.cl\/\",\"name\":\"Studio56 | Agencia de Marketing &amp; Social Media\",\"description\":\"\",\"potentialAction\":[{\"@type\":\"SearchAction\",\"target\":{\"@type\":\"EntryPoint\",\"urlTemplate\":\"https:\/\/studio56.cl\/?s={search_term_string}\"},\"query-input\":{\"@type\":\"PropertyValueSpecification\",\"valueRequired\":true,\"valueName\":\"search_term_string\"}}],\"inLanguage\":\"es\"}]}<\/script>\n<!-- \/ Yoast SEO plugin. -->","yoast_head_json":{"title":"Social Media - Studio56 | Agencia de Marketing &amp; Social Media","robots":{"index":"index","follow":"follow","max-snippet":"max-snippet:-1","max-image-preview":"max-image-preview:large","max-video-preview":"max-video-preview:-1"},"canonical":"https:\/\/studio56.cl\/index.php\/agencia-de-redes-sociales\/","og_locale":"es_ES","og_type":"article","og_title":"Social Media - Studio56 | Agencia de Marketing &amp; Social Media","og_description":"[vc_row][vc_column][vc_empty_space height=\u00bb22px\u00bb][\/vc_column][\/vc_row][vc_row][vc_column width=\u00bb1\/3&#8243;][vc_cta h2=\u00bb\u00bb h4=\u00bbGestionamos tus redes sociales\u00bb style=\u00bbflat\u00bb color=\u00bbblack\u00bb css=\u00bb\u00bb]Analizamos qui\u00e9n es tu cliente ideal, cu\u00e1l es su idioma, qu\u00e9 es lo que le importa, y en qu\u00e9 canales&hellip;","og_url":"https:\/\/studio56.cl\/index.php\/agencia-de-redes-sociales\/","og_site_name":"Studio56 | Agencia de Marketing &amp; Social Media","article_modified_time":"2025-02-09T06:37:43+00:00","twitter_card":"summary_large_image","twitter_misc":{"Tiempo de lectura":"2 minutos"},"schema":{"@context":"https:\/\/schema.org","@graph":[{"@type":"WebPage","@id":"https:\/\/studio56.cl\/index.php\/agencia-de-redes-sociales\/","url":"https:\/\/studio56.cl\/index.php\/agencia-de-redes-sociales\/","name":"Social Media - Studio56 | Agencia de Marketing &amp; Social Media","isPartOf":{"@id":"https:\/\/studio56.cl\/#website"},"datePublished":"2025-02-09T06:03:03+00:00","dateModified":"2025-02-09T06:37:43+00:00","breadcrumb":{"@id":"https:\/\/studio56.cl\/index.php\/agencia-de-redes-sociales\/#breadcrumb"},"inLanguage":"es","potentialAction":[{"@type":"ReadAction","target":["https:\/\/studio56.cl\/index.php\/agencia-de-redes-sociales\/"]}]},{"@type":"BreadcrumbList","@id":"https:\/\/studio56.cl\/index.php\/agencia-de-redes-sociales\/#breadcrumb","itemListElement":[{"@type":"ListItem","position":1,"name":"Portada","item":"https:\/\/studio56.cl\/"},{"@type":"ListItem","position":2,"name":"Social Media"}]},{"@type":"WebSite","@id":"https:\/\/studio56.cl\/#website","url":"https:\/\/studio56.cl\/","name":"Studio56 | Agencia de Marketing &amp; Social Media","description":"","potentialAction":[{"@type":"SearchAction","target":{"@type":"EntryPoint","urlTemplate":"https:\/\/studio56.cl\/?s={search_term_string}"},"query-input":{"@type":"PropertyValueSpecification","valueRequired":true,"valueName":"search_term_string"}}],"inLanguage":"es"}]}},"_links":{"self":[{"href":"https:\/\/studio56.cl\/index.php\/wp-json\/wp\/v2\/pages\/5821","targetHints":{"allow":["GET"]}}],"collection":[{"href":"https:\/\/studio56.cl\/index.php\/wp-json\/wp\/v2\/pages"}],"about":[{"href":"https:\/\/studio56.cl\/index.php\/wp-json\/wp\/v2\/types\/page"}],"author":[{"embeddable":true,"href":"https:\/\/studio56.cl\/index.php\/wp-json\/wp\/v2\/users\/1"}],"replies":[{"embeddable":true,"href":"https:\/\/studio56.cl\/index.php\/wp-json\/wp\/v2\/comments?post=5821"}],"version-history":[{"count":14,"href":"https:\/\/studio56.cl\/index.php\/wp-json\/wp\/v2\/pages\/5821\/revisions"}],"predecessor-version":[{"id":5835,"href":"https:\/\/studio56.cl\/index.php\/wp-json\/wp\/v2\/pages\/5821\/revisions\/5835"}],"wp:attachment":[{"href":"https:\/\/studio56.cl\/index.php\/wp-json\/wp\/v2\/media?parent=5821"}],"curies":[{"name":"wp","href":"https:\/\/api.w.org\/{rel}","templated":true}]}}