{"id":5570,"date":"2016-09-30T06:55:19","date_gmt":"2016-09-30T06:55:19","guid":{"rendered":"http:\/\/demo.drfuri.com\/mrbara7\/?page_id=5570"},"modified":"2025-02-10T04:52:31","modified_gmt":"2025-02-10T04:52:31","slug":"home-shoes-v2","status":"publish","type":"page","link":"https:\/\/studio56.cl\/","title":{"rendered":"Studio56 Agencia de Marketing &#038; Social Media"},"content":{"rendered":"<div class=\"wpb-content-wrapper\"><p>[vc_row full_width=\u00bbstretch_row_content_no_spaces\u00bb css=\u00bb.vc_custom_1476692832051{margin-top: 20px !important;margin-bottom: 100px !important;padding-bottom: 60px !important;}\u00bb el_class=\u00bbno-margin-mobile\u00bb][vc_column]\n            <div class=\"mr-sliders \" id=\"sliders-carousel-6a06f0f608e1b\">\n            \t<div class=\"loading\"><i class=\"ion-load-c\"><\/i><\/div>\n\t\t\t    <div class=\"sliders-frame\"><div class=\"sliders-list\"><div class=\"mr-slider slider-style-3\"><div class=\"slider-image\"><img loading=\"lazy\" decoding=\"async\" width=\"1170\" height=\"648\" src=\"https:\/\/studio56.cl\/wp-content\/uploads\/2025\/01\/banner-mkt-digital.jpg\" class=\"attachment-full\" alt=\"\" title=\"banner-mkt-digital\" srcset=\"https:\/\/studio56.cl\/wp-content\/uploads\/2025\/01\/banner-mkt-digital.jpg 1170w, https:\/\/studio56.cl\/wp-content\/uploads\/2025\/01\/banner-mkt-digital-300x166.jpg 300w, https:\/\/studio56.cl\/wp-content\/uploads\/2025\/01\/banner-mkt-digital-1024x567.jpg 1024w, https:\/\/studio56.cl\/wp-content\/uploads\/2025\/01\/banner-mkt-digital-768x425.jpg 768w, https:\/\/studio56.cl\/wp-content\/uploads\/2025\/01\/banner-mkt-digital-600x332.jpg 600w\" sizes=\"auto, (max-width: 1170px) 100vw, 1170px\" \/><\/div><div class='s-content'><\/div><\/div><div class=\"mr-slider slider-style-3\"><div class=\"slider-image\"><img decoding=\"async\" class=\"\" src=\"https:\/\/studio56.cl\/wp-content\/uploads\/2025\/01\/banner-social-media-1170x644.jpg\" width=\"1170\" height=\"644\" alt=\"banner-social-media\" title=\"banner-social-media\" loading=\"lazy\" \/><\/div><div class='s-content'><\/div><\/div><div class=\"mr-slider slider-style-3\"><div class=\"slider-image\"><img decoding=\"async\" class=\"\" src=\"https:\/\/studio56.cl\/wp-content\/uploads\/2025\/01\/banner-brandbook-1170x644.jpg\" width=\"1170\" height=\"644\" alt=\"banner-brandbook\" title=\"banner-brandbook\" loading=\"lazy\" \/><\/div><div class='s-content'><\/div><\/div><div class=\"mr-slider slider-style-3\"><div class=\"slider-image\"><img decoding=\"async\" class=\"\" src=\"https:\/\/studio56.cl\/wp-content\/uploads\/2025\/01\/banner-desarrolloweb-1170x644.jpg\" width=\"1170\" height=\"644\" alt=\"banner-desarrolloweb\" title=\"banner-desarrolloweb\" loading=\"lazy\" \/><\/div><div class='s-content'><\/div><\/div><\/div><\/div>\n\t\t\t    <div class=\"navigation\">\n\t\t\t    \t <div class=\"container\">\n\t\t\t    \t \t <div class=\"btn-prev\"><i class=\"ion-ios-arrow-left\"><\/i><\/div>\n                   \t\t <div class=\"btn-next\"><i class=\"ion-ios-arrow-right\"><\/i><\/div>\n\t\t\t    \t <\/div>\n\t\t\t    <\/div>\n\t\t\t    <div class=\"container\">\n\t\t\t        <div class=\"scrollbar\">\n                        <div class=\"handle\">\n                            <div class=\"mousearea\"><\/div>\n                        <\/div>\n\t\t\t        <\/div>\n\t\t\t        <ul class=\"pages\">\n\t\t\t        <\/ul>\n                <\/div>\n\n\t\t\t<\/div>[\/vc_column][\/vc_row][vc_row css=\u00bb.vc_custom_1476870962128{margin-bottom: 50px !important;padding-bottom: 50px !important;}\u00bb el_class=\u00bbno-margin-mobile\u00bb][vc_column width=\u00bb1\/6&#8243;][\/vc_column][vc_column width=\u00bb4\/6&#8243;][vc_single_image image=\u00bb5733&#8243; img_size=\u00bbmedium\u00bb alignment=\u00bbcenter\u00bb css=\u00bb\u00bb]<div class=\"section-title style-1 text-center text-normal \">\n\t\t\t\t<div class=\"desc\"><p style=\"text-align: center;\">Un peque\u00f1o recorrido de nuestras producciones del a\u00f1o 2024. Seguimos avanzando creando nuevas oportunidades este a\u00f1o para que tu proyecto se haga realidad con nosotros.<\/p>\n<\/div>\n\t\t\t<\/div>[\/vc_column][vc_column width=\u00bb1\/6&#8243;][\/vc_column][\/vc_row][vc_row][vc_column width=\u00bb1\/12&#8243;][\/vc_column][vc_column width=\u00bb10\/12&#8243;]<div class=\"video-banner  video-style5\">\n\t\t\t\t<div class=\"banner-content\">\n\t\t\t\t\t<video height=\"448\" preload=\"none\" poster=\"https:\/\/studio56.cl\/wp-content\/uploads\/2025\/01\/port-s56-vp.jpg\" loop >\n\t\t\t\t\t\t<source src=\"https:\/\/studio56.cl\/medios\/media-intro-vp-s56.mp4\" type=\"video\/mp4\">\n\t\t\t\t\t<\/video>\n\t\t\t\t\t  <div class=\"status\">\n\t\t\t\t\n\t\t\t\t<i class=\"ion-ios-play\"><\/i>\n\t\t\t<\/div>\n                <\/div>\n\t\t\t<\/div>[\/vc_column][vc_column width=\u00bb1\/12&#8243;][\/vc_column][\/vc_row][vc_row][vc_column][vc_empty_space height=\u00bb16px\u00bb]<div class=\"mrbara-image-carousel  style-1 image-opacity\"><div class=\"mrbara-owl-list\" id=\"images-carousel-6a06f0f60c465\"><div class=\"image-item\"><a href=\"\" target=\"_self\"><img decoding=\"async\" alt=\"5760\"  src=\"https:\/\/studio56.cl\/wp-content\/uploads\/2025\/01\/logos-marcas-dmoov-150x150.png\"><\/a><\/div><div class=\"image-item\"><a  target=\"_self\"><img decoding=\"async\" alt=\"5761\"  src=\"https:\/\/studio56.cl\/wp-content\/uploads\/2025\/01\/logos-marcas-grizzlybear-150x150.png\"><\/a><\/div><div class=\"image-item\"><a  target=\"_self\"><img decoding=\"async\" alt=\"5762\"  src=\"https:\/\/studio56.cl\/wp-content\/uploads\/2025\/01\/logos-marcas-coldblood-150x150.png\"><\/a><\/div><div class=\"image-item\"><a  target=\"_self\"><img decoding=\"async\" alt=\"5763\"  src=\"https:\/\/studio56.cl\/wp-content\/uploads\/2025\/01\/logos-marcas-hanu-150x150.png\"><\/a><\/div><div class=\"image-item\"><a  target=\"_self\"><img decoding=\"async\" alt=\"5764\"  src=\"https:\/\/studio56.cl\/wp-content\/uploads\/2025\/01\/logos-marcas-sculptbody-150x150.png\"><\/a><\/div><div class=\"image-item\"><a  target=\"_self\"><img decoding=\"async\" alt=\"5765\"  src=\"https:\/\/studio56.cl\/wp-content\/uploads\/2025\/01\/logos-marcas-hoteles-hw-150x150.png\"><\/a><\/div><div class=\"image-item\"><a  target=\"_self\"><img decoding=\"async\" alt=\"5766\"  src=\"https:\/\/studio56.cl\/wp-content\/uploads\/2025\/01\/logos-marcas-unity-fitcenter-150x150.png\"><\/a><\/div><\/div><\/div>[\/vc_column][\/vc_row]<\/p>\n<\/div>","protected":false},"excerpt":{"rendered":"<p>[vc_row full_width=\u00bbstretch_row_content_no_spaces\u00bb css=\u00bb.vc_custom_1476692832051{margin-top: 20px !important;margin-bottom: 100px !important;padding-bottom: 60px !important;}\u00bb el_class=\u00bbno-margin-mobile\u00bb][vc_column][\/vc_column][\/vc_row][vc_row css=\u00bb.vc_custom_1476870962128{margin-bottom: 50px !important;padding-bottom: 50px !important;}\u00bb el_class=\u00bbno-margin-mobile\u00bb][vc_column width=\u00bb1\/6&#8243;][\/vc_column][vc_column width=\u00bb4\/6&#8243;][vc_single_image image=\u00bb5733&#8243; img_size=\u00bbmedium\u00bb alignment=\u00bbcenter\u00bb css=\u00bb\u00bb][\/vc_column][vc_column width=\u00bb1\/6&#8243;][\/vc_column][\/vc_row][vc_row][vc_column width=\u00bb1\/12&#8243;][\/vc_column][vc_column width=\u00bb10\/12&#8243;][\/vc_column][vc_column width=\u00bb1\/12&#8243;][\/vc_column][\/vc_row][vc_row][vc_column][vc_empty_space height=\u00bb16px\u00bb][\/vc_column][\/vc_row]<\/p>\n","protected":false},"author":1,"featured_media":0,"parent":0,"menu_order":0,"comment_status":"closed","ping_status":"closed","template":"template-homepage.php","meta":{"footnotes":""},"class_list":["post-5570","page","type-page","status-publish","hentry"],"yoast_head":"<!-- This site is optimized with the Yoast SEO plugin v27.2 - https:\/\/yoast.com\/product\/yoast-seo-wordpress\/ -->\n<title>Studio56 Agencia de Marketing &amp; Social Media - Studio56 | Agencia de Marketing &amp; Social Media<\/title>\n<meta name=\"robots\" content=\"index, follow, max-snippet:-1, max-image-preview:large, max-video-preview:-1\" \/>\n<link rel=\"canonical\" href=\"https:\/\/studio56.cl\/\" \/>\n<meta property=\"og:locale\" content=\"es_ES\" \/>\n<meta property=\"og:type\" content=\"article\" \/>\n<meta property=\"og:title\" content=\"Studio56 Agencia de Marketing &amp; Social Media - Studio56 | Agencia de Marketing &amp; Social Media\" \/>\n<meta property=\"og:description\" content=\"[vc_row full_width=\u00bbstretch_row_content_no_spaces\u00bb css=\u00bb.vc_custom_1476692832051{margin-top: 20px !important;margin-bottom: 100px !important;padding-bottom: 60px !important;}\u00bb el_class=\u00bbno-margin-mobile\u00bb][vc_column][\/vc_column][\/vc_row][vc_row css=\u00bb.vc_custom_1476870962128{margin-bottom: 50px !important;padding-bottom: 50px !important;}\u00bb el_class=\u00bbno-margin-mobile\u00bb][vc_column width=\u00bb1\/6&#8243;][\/vc_column][vc_column width=\u00bb4\/6&#8243;][vc_single_image image=\u00bb5733&#8243; img_size=\u00bbmedium\u00bb alignment=\u00bbcenter\u00bb css=\u00bb\u00bb][\/vc_column][vc_column width=\u00bb1\/6&#8243;][\/vc_column][\/vc_row][vc_row][vc_column width=\u00bb1\/12&#8243;][\/vc_column][vc_column width=\u00bb10\/12&#8243;][\/vc_column][vc_column width=\u00bb1\/12&#8243;][\/vc_column][\/vc_row][vc_row][vc_column][vc_empty_space height=\u00bb16px\u00bb][\/vc_column][\/vc_row]\" \/>\n<meta property=\"og:url\" content=\"https:\/\/studio56.cl\/\" \/>\n<meta property=\"og:site_name\" content=\"Studio56 | Agencia de Marketing &amp; Social Media\" \/>\n<meta property=\"article:modified_time\" content=\"2025-02-10T04:52:31+00:00\" \/>\n<meta name=\"twitter:card\" content=\"summary_large_image\" \/>\n<meta name=\"twitter:label1\" content=\"Tiempo de lectura\" \/>\n\t<meta name=\"twitter:data1\" content=\"4 minutos\" \/>\n<script type=\"application\/ld+json\" class=\"yoast-schema-graph\">{\"@context\":\"https:\/\/schema.org\",\"@graph\":[{\"@type\":\"WebPage\",\"@id\":\"https:\/\/studio56.cl\/\",\"url\":\"https:\/\/studio56.cl\/\",\"name\":\"Studio56 Agencia de Marketing & Social Media - Studio56 | Agencia de Marketing &amp; Social Media\",\"isPartOf\":{\"@id\":\"https:\/\/studio56.cl\/#website\"},\"datePublished\":\"2016-09-30T06:55:19+00:00\",\"dateModified\":\"2025-02-10T04:52:31+00:00\",\"breadcrumb\":{\"@id\":\"https:\/\/studio56.cl\/#breadcrumb\"},\"inLanguage\":\"es\",\"potentialAction\":[{\"@type\":\"ReadAction\",\"target\":[\"https:\/\/studio56.cl\/\"]}]},{\"@type\":\"BreadcrumbList\",\"@id\":\"https:\/\/studio56.cl\/#breadcrumb\",\"itemListElement\":[{\"@type\":\"ListItem\",\"position\":1,\"name\":\"Portada\",\"item\":\"https:\/\/studio56.cl\/\"},{\"@type\":\"ListItem\",\"position\":2,\"name\":\"Studio56 Agencia de Marketing &#038; Social Media\"}]},{\"@type\":\"WebSite\",\"@id\":\"https:\/\/studio56.cl\/#website\",\"url\":\"https:\/\/studio56.cl\/\",\"name\":\"Studio56 | Agencia de Marketing &amp; Social Media\",\"description\":\"\",\"potentialAction\":[{\"@type\":\"SearchAction\",\"target\":{\"@type\":\"EntryPoint\",\"urlTemplate\":\"https:\/\/studio56.cl\/?s={search_term_string}\"},\"query-input\":{\"@type\":\"PropertyValueSpecification\",\"valueRequired\":true,\"valueName\":\"search_term_string\"}}],\"inLanguage\":\"es\"}]}<\/script>\n<!-- \/ Yoast SEO plugin. -->","yoast_head_json":{"title":"Studio56 Agencia de Marketing & Social Media - Studio56 | Agencia de Marketing &amp; Social Media","robots":{"index":"index","follow":"follow","max-snippet":"max-snippet:-1","max-image-preview":"max-image-preview:large","max-video-preview":"max-video-preview:-1"},"canonical":"https:\/\/studio56.cl\/","og_locale":"es_ES","og_type":"article","og_title":"Studio56 Agencia de Marketing & Social Media - Studio56 | Agencia de Marketing &amp; Social Media","og_description":"[vc_row full_width=\u00bbstretch_row_content_no_spaces\u00bb css=\u00bb.vc_custom_1476692832051{margin-top: 20px !important;margin-bottom: 100px !important;padding-bottom: 60px !important;}\u00bb el_class=\u00bbno-margin-mobile\u00bb][vc_column][\/vc_column][\/vc_row][vc_row css=\u00bb.vc_custom_1476870962128{margin-bottom: 50px !important;padding-bottom: 50px !important;}\u00bb el_class=\u00bbno-margin-mobile\u00bb][vc_column width=\u00bb1\/6&#8243;][\/vc_column][vc_column width=\u00bb4\/6&#8243;][vc_single_image image=\u00bb5733&#8243; img_size=\u00bbmedium\u00bb alignment=\u00bbcenter\u00bb css=\u00bb\u00bb][\/vc_column][vc_column width=\u00bb1\/6&#8243;][\/vc_column][\/vc_row][vc_row][vc_column width=\u00bb1\/12&#8243;][\/vc_column][vc_column width=\u00bb10\/12&#8243;][\/vc_column][vc_column width=\u00bb1\/12&#8243;][\/vc_column][\/vc_row][vc_row][vc_column][vc_empty_space height=\u00bb16px\u00bb][\/vc_column][\/vc_row]","og_url":"https:\/\/studio56.cl\/","og_site_name":"Studio56 | Agencia de Marketing &amp; Social Media","article_modified_time":"2025-02-10T04:52:31+00:00","twitter_card":"summary_large_image","twitter_misc":{"Tiempo de lectura":"4 minutos"},"schema":{"@context":"https:\/\/schema.org","@graph":[{"@type":"WebPage","@id":"https:\/\/studio56.cl\/","url":"https:\/\/studio56.cl\/","name":"Studio56 Agencia de Marketing & Social Media - Studio56 | Agencia de Marketing &amp; Social Media","isPartOf":{"@id":"https:\/\/studio56.cl\/#website"},"datePublished":"2016-09-30T06:55:19+00:00","dateModified":"2025-02-10T04:52:31+00:00","breadcrumb":{"@id":"https:\/\/studio56.cl\/#breadcrumb"},"inLanguage":"es","potentialAction":[{"@type":"ReadAction","target":["https:\/\/studio56.cl\/"]}]},{"@type":"BreadcrumbList","@id":"https:\/\/studio56.cl\/#breadcrumb","itemListElement":[{"@type":"ListItem","position":1,"name":"Portada","item":"https:\/\/studio56.cl\/"},{"@type":"ListItem","position":2,"name":"Studio56 Agencia de Marketing &#038; Social Media"}]},{"@type":"WebSite","@id":"https:\/\/studio56.cl\/#website","url":"https:\/\/studio56.cl\/","name":"Studio56 | Agencia de Marketing &amp; Social Media","description":"","potentialAction":[{"@type":"SearchAction","target":{"@type":"EntryPoint","urlTemplate":"https:\/\/studio56.cl\/?s={search_term_string}"},"query-input":{"@type":"PropertyValueSpecification","valueRequired":true,"valueName":"search_term_string"}}],"inLanguage":"es"}]}},"_links":{"self":[{"href":"https:\/\/studio56.cl\/index.php\/wp-json\/wp\/v2\/pages\/5570","targetHints":{"allow":["GET"]}}],"collection":[{"href":"https:\/\/studio56.cl\/index.php\/wp-json\/wp\/v2\/pages"}],"about":[{"href":"https:\/\/studio56.cl\/index.php\/wp-json\/wp\/v2\/types\/page"}],"author":[{"embeddable":true,"href":"https:\/\/studio56.cl\/index.php\/wp-json\/wp\/v2\/users\/1"}],"replies":[{"embeddable":true,"href":"https:\/\/studio56.cl\/index.php\/wp-json\/wp\/v2\/comments?post=5570"}],"version-history":[{"count":24,"href":"https:\/\/studio56.cl\/index.php\/wp-json\/wp\/v2\/pages\/5570\/revisions"}],"predecessor-version":[{"id":5909,"href":"https:\/\/studio56.cl\/index.php\/wp-json\/wp\/v2\/pages\/5570\/revisions\/5909"}],"wp:attachment":[{"href":"https:\/\/studio56.cl\/index.php\/wp-json\/wp\/v2\/media?parent=5570"}],"curies":[{"name":"wp","href":"https:\/\/api.w.org\/{rel}","templated":true}]}}